7 + 372. Suppose 172*w - 14 = 170*w. Suppose -222 = -w*l + 240. What is the greatest common divisor of l and i?
33
Suppose 139 + 85 = 4*i. What is the highest common divisor of 40 and i?
8
Let h(z) = -20*z + 628. Let b be h(30). What is the greatest common factor of b and 1918?
14
Let t(n) = -n**3 - 15*n**2 + 25*n + 81. Let w be t(-17). Calculate the highest common divisor of w and 18.
18
Let l(v) = -v**3 - 9*v**2 - 2*v - 17. Let s be l(-9). What is the greatest common divisor of s and 25?
1
Let b be 245/10 - (-1)/2. Let x = -14 + b. What is the greatest common divisor of 44 and x?
11
Let g(z) = z**2 + 38*z + 62. Let w be g(-39). What is the greatest common factor of w and 1313?
101
Let c be (-24)/(-4) - (0 - -2). Suppose 14 + 6 = c*u. What is the greatest common factor of u and 10?
5
Let y(r) = -r**3 + 5*r**2 + 5*r + 6. Suppose 2*b = 7 + 5. Let n be y(b). Suppose n = l + 3*l - 12. What is the greatest common factor of l and 33?
3
Suppose 5*m - 433 + 253 = 0. Calculate the greatest common factor of 288 and m.
36
Let p be 372/62 + 0/(-1). Suppose 12 - 4 = 4*v. What is the greatest common factor of v and p?
2
Let a = 6 + -14. Let j(h) = h**2 + 8*h + 10. Let z be j(a). Suppose z*n = 13*n - 57. What is the highest common factor of 152 and n?
19
Suppose 0 = 3*p - 4*u - 260, 2*u - 5*u = -p + 95. Calculate the highest common factor of p and 176.
16
Suppose 32*b = 14*b + 540. Suppose 5*h - 655 = 95. What is the highest common factor of b and h?
30
Let k be (5 - -3)/4 - 0. Suppose k*t - t = 2. Let g be 9/2 + 1/t. What is the greatest common factor of g and 5?
5
Let y(s) = -s**3 + 11*s**2 - 4*s + 30. Let f be y(9). Calculate the greatest common divisor of f and 195.
39
Let b be 78/13 + 3 + 499. Calculate the highest common divisor of 4 and b.
4
Let i be (-1)/14 + (-121673)/(-6062). Let w = -1 + 9. Calculate the greatest common divisor of w and i.
4
Let k = -358 + 371. What is the highest common divisor of 2353 and k?
13
Suppose 97 = 8*i + 9. Suppose 0 = 7*h - i*h + 76. Calculate the highest common factor of h and 152.
19
Let h(t) = -53*t - 426. Let m be h(-10). Calculate the greatest common divisor of m and 221.
13
Let x = -112 + 187. What is the highest common factor of 30 and x?
15
Let u = 137 + -109. Calculate the highest common factor of u and 182.
14
Suppose 3*j + 4*t - 1152 = 0, -4*j + 2*t + 590 + 946 = 0. What is the greatest common factor of 12 and j?
12
Suppose -3 = -2*r - 5*d + 6, 5*r - 5 = 5*d. Suppose -r + 10 = 2*g, g + 5 = j. Let n be (3/2)/(((-15)/(-6))/5). Calculate the highest common divisor of n and j.
3
Suppose 5*u - 5 = 6*u. Let n be (-27)/(-5) + u - 66/(-10). Let a = -76 - -111. Calculate the highest common divisor of a and n.
7
Let k = -60 + 64. Suppose 23 = o - k*d, -6*d = -4*o - 2*d + 32. Calculate the highest common factor of 9 and o.
3
Let v = 1512 + -1506. Suppose -4*j + 6 = 2. What is the highest common factor of v and j?
1
Let u = -987 - -995. Calculate the highest common divisor of 76 and u.
4
Suppose 4*i - j + 6*j = 90, 2*i + j = 42. Suppose -4*s = 5*z - 68 - 51, -i = -s + 2*z. What is the greatest common divisor of 13 and s?
13
Let d = 14 + -15. Let g be -7*d*(-48)/(-28). Suppose g = c + o, -5*o = -c - c - 11. Calculate the greatest common divisor of c and 7.
7
Suppose 2*q = -2 + 14. Let m be 1 - (-4)/(12/15). Calculate the greatest common divisor of q and m.
6
Suppose -94 + 17 = -d. Calculate the greatest common factor of d and 14.
7
Suppose t - 5*l = 5*t + 102, -3*t - l = 71. Suppose 5*y = -2*q + 10*y + 64, q - 33 = 2*y. Let p = t + q. What is the highest common factor of p and 56?
14
Suppose 0 = 4*d + p + 20 - 69, -2*d = -3*p - 21. Suppose 0 = 16*o - 14*o - 332. Suppose -2*i + 26 = -o. Calculate the highest common factor of i and d.
12
Let k = 420 + -400. What is the greatest common factor of k and 130?
10
Let m = 276 - 222. Calculate the highest common factor of m and 126.
18
Suppose 242 + 894 = 2*z. Suppose 11*y = z - 128. Calculate the greatest common factor of y and 16.
8
Suppose 5*f + 90 = 3*n, 4*n + 150 = 9*n - f. Calculate the highest common divisor of n and 9.
3
Suppose 0 = 2*o + 5*s - 271, -177 = -3*o + s + 221. Calculate the greatest common divisor of 114 and o.
19
Let r be 392/(-14)*(-10)/8. Suppose 2*p - 135 = 5. Suppose 0 = m + m + i - p, m + 2*i = r. What is the highest common divisor of m and 14?
7
Let p = 60 + -43. Suppose 0 = p*n - 21*n + 36. What is the greatest common factor of 27 and n?
9
Let f(g) = 22*g**2 - g - 1. Let m be f(-1). Let i(h) = h**2 - 19*h + 222. Let c be i(20). What is the greatest common divisor of m and c?
22
Let a(k) = k**2 - 8*k + 33. Let t be a(13). What is the highest common divisor of t and 539?
49
Let p = 14 + 3. Let r(j) = 2*j + 9. Let g be r(9). Let d = g - p. What is the highest common factor of 10 and d?
10
Let i = 201 - 82. Let v be (i - 4)/((-2)/(-2)). Suppose 0 = -3*p + 11 + 127. Calculate the highest common factor of p and v.
23
Suppose 3*f = 5*f - 14. Let l = f + 0. Calculate the highest common factor of l and 1.
1
Let d = 224 - 219. What is the greatest common factor of 180 and d?
5
Let h = -37 + 62. Let l(f) = -156*f - 262. Let n be l(-2). Calculate the highest common divisor of h and n.
25
Let b be 46/8 + (-2)/(-8). Let g be (1/(12/(-40)) - -2)*-12. Suppose -10 + g = 3*l. Calculate the highest common divisor of b and l.
2
Suppose -4*b = 4*c - 208, -7*b + 2*b = 3*c - 268. What is the highest common divisor of b and 70?
14
Let m(c) = 2*c**2 - 164*c + 2069. Let r be m(14). Suppose 0 = 4*f - 0*f - 60. Calculate the greatest common factor of f and r.
15
Suppose 64*r = 81*r - 136. Calculate the greatest common factor of 424 and r.
8
Let a(l) = -l**2 - 11*l - 10. Let t be a(-7). Suppose 0 = 3*o + 7 + 47. Let q = o + 63. What is the greatest common divisor of q and t?
9
Let i(z) = 9*z - 143. Let y be i(20). Calculate the greatest common factor of 185 and y.
37
Let g(u) = -9*u + 9. Let n be g(-7). Suppose 3*o + 0 = n. Calculate the greatest common divisor of 6 and o.
6
Suppose -35 = -11*o + 31. Suppose 0 = 4*h - 3*v - 162, -5*h = -5*v - 128 - 72. Calculate the highest common factor of h and o.
6
Let d = 356 - -132. Suppose 40 = 2*r - d. Suppose 14 = 3*k + 2*j - 60, 4*j = 4*k - 92. Calculate the highest common divisor of k and r.
24
Let a(i) = -i**3 - 22*i**2 - 86*i + 1. Let o be a(-5). Calculate the greatest common factor of 192 and o.
6
Suppose 4 = -a + 7. Suppose 2*g = t + 4, -2*t + 2*g + 1 - a = 0. Suppose t*w - 21 - 3 = 0. Calculate the highest common factor of 72 and w.
12
Let n be (20/(-8))/(2/(-4)). Suppose -51 - n = -7*x. What is the highest common factor of x and 1?
1
Suppose 9*y = -31 + 112. Let r(s) = s**3 + 4*s**2 + 3*s - 1. Let f be r(-3). Let v be ((-9)/6)/(f/6). What is the greatest common divisor of y and v?
9
Let k = 30 - 30. Let g be (-42 + k)*((-32)/12 - 2). Calculate the greatest common divisor of 28 and g.
28
Suppose -23*v + 94*v - 1562 = 0. Suppose 4*r - 515 = -163. Calculate the greatest common factor of v and r.
22
Let y(j) = j**2 + 2*j - 7. Let p be y(-7). Let w = 309 - 239. What is the highest common divisor of p and w?
14
Let l = -12 + 20. Let a(p) = p**3 - 11*p + 34 - 10 - 11*p**2 - 12. Let v be a(12). Calculate the highest common factor of v and l.
8
Let k = -41 - -107. Calculate the greatest common divisor of k and 18.
6
Suppose -4*v - 29 - 15 = 0. Let t = 12 - v. Calculate the highest common factor of t and 69.
23
Suppose 0 = 3*a - 425 + 53. Calculate the highest common divisor of 4 and a.
4
Let v(n) = -n**3 - n**2 + n - 2. Let a be v(3). Let l = -5 - a. Let m be (140/l)/((-2)/(-6)). What is the highest common divisor of m and 2?
2
Let r be (-119)/(-21) - 5/(-15). Calculate the highest common divisor of r and 18.
6
Let a = 23 - 16. Suppose -p + a = -0*p. Calculate the highest common factor of 28 and p.
7
Suppose -36*w - 426 = -42*w. Calculate the highest common divisor of w and 71.
71
Suppose 2*v + 7*o - 2*o = -13, -5*v - 3*o = 23. Let f be 2/8 + (-63)/v. Calculate the greatest common divisor of 128 and f.
16
Suppose 3*m - 97 - 14 = 0. Suppose 4*c + m = 141. Calculate the greatest common divisor of c and 234.
26
Suppose -2*q + d + 2 = 1, 0 = -4*d + 20. Let p(c) = 7*c**2 + c - 1. Let u be p(1). Suppose u*o - 10*o + 36 = 0. Calculate the hi